16?
13
What is the remainder when 1121 is divided by 370?
11
What is the remainder when 31 is divided by 9?
4
Calculate the remainder when 115 is divided by 20.
15
What is the remainder when 404 is divided by 73?
39
What is the remainder when 726 is divided by 182?
180
Calculate the remainder when 2177 is divided by 538.
25
What is the remainder when 508 is divided by 26?
14
Calculate the remainder when 426 is divided by 13.
10
Calculate the remainder when 1308 is divided by 251.
53
What is the remainder when 101 is divided by 15?
11
Calculate the remainder when 181 is divided by 67.
47
What is the remainder when 162 is divided by 41?
39
What is the remainder when 1419 is divided by 71?
70
Calculate the remainder when 1190 is divided by 26.
20
What is the remainder when 449 is divided by 30?
29
What is the remainder when 55 is divided by 16?
7
Calculate the remainder when 2047 is divided by 1016.
15
What is the remainder when 521 is divided by 42?
17
What is the remainder when 54 is divided by 20?
14
What is the remainder when 47 is divided by 16?
15
What is the remainder when 2825 is divided by 1403?
19
What is the remainder when 73 is divided by 33?
7
Calculate the remainder when 29 is divided by 10.
9
Calculate the remainder when 361 is divided by 28.
25
Calculate the remainder when 1216 is divided by 192.
64
What is the remainder when 147 is divided by 55?
37
Calculate the remainder when 671 is divided by 96.
95
Calculate the remainder when 2338 is divided by 30.
28
Calculate the remainder when 179 is divided by 8.
3
Calculate the remainder when 399 is divided by 20.
19
What is the remainder when 127 is divided by 69?
58
Calculate the remainder when 118 is divided by 20.
18
Calculate the remainder when 2588 is divided by 74.
72
What is the remainder when 4483 is divided by 13?
11
Calculate the remainder when 1872 is divided by 620.
12
What is the remainder when 4163 is divided by 6?
5
Calculate the remainder when 1636 is divided by 21.
19
What is the remainder when 131 is divided by 56?
19
Calculate the remainder when 13348 is divided by 89.
87
What is the remainder when 2031 is divided by 68?
59
What is the remainder when 132 is divided by 63?
6
What is the remainder when 201 is divided by 47?
13
What is the remainder when 133 is divided by 25?
8
What is the remainder when 257 is divided by 6?
5
Calculate the remainder when 302 is divided by 28.
22
Calculate the remainder when 1296 is divided by 11.
9
Calculate the remainder when 462 is divided by 16.
14
Calculate the remainder when 755 is divided by 155.
135
What is the remainder when 214 is divided by 31?
28
Calculate the remainder when 243 is divided by 2.
1
What is the remainder when 19 is divided by 10?
9
Calculate the remainder when 529 is divided by 175.
4
What is the remainder when 414 is divided by 14?
8
Calculate the remainder when 2098 is divided by 1042.
14
What is the remainder when 1815 is divided by 18?
15
Calculate the remainder when 94 is divided by 5.
4
Calculate the remainder when 617 is divided by 124.
121
What is the remainder when 45479 is divided by 120?
119
What is the remainder when 1750 is divided by 12?
10
Calculate the remainder when 169 is divided by 61.
47
Calculate the remainder when 314 is divided by 39.
2
Calculate the remainder when 270 is divided by 94.
82
Calculate the remainder when 177 is divided by 46.
39
Calculate the remainder when 7400 is divided by 12.
8
What is the remainder when 1050 is divided by 333?
51
What is the remainder when 94 is divided by 34?
26
What is the remainder when 103 is divided by 24?
7
Calculate the remainder when 718 is divided by 234.
16
Calculate the remainder when 1194 is divided by 1178.
16
What is the remainder when 640 is divided by 224?
192
Calculate the remainder when 709 is divided by 9.
7
Calculate the remainder when 49 is divided by 32.
17
Calculate the remainder when 119 is divided by 42.
35
Calculate the remainder when 972 is divided by 75.
72
Calculate the remainder when 305 is divided by 99.
8
What is the remainder when 245 is divided by 65?
50
Calculate the remainder when 114 is divided by 39.
36
Calculate the remainder when 292 is divided by 105.
82
What is the remainder when 1837 is divided by 19?
13
What is the remainder when 11781 is divided by 1178?
1
Calculate the remainder when 3313 is divided by 174.
7
Calculate the remainder when 1489 is divided by 21.
19
What is the remainder when 590 is divided by 54?
50
What is the remainder when 259 is divided by 13?
12
What is the remainder when 252 is divided by 49?
7
Calculate the remainder when 895 is divided by 39.
37
What is the remainder when 439 is divided by 11?
10
What is the remainder when 363 is divided by 26?
25
Calculate the remainder when 162 is divided by 49.
15
What is the remainder when 2558 is divided by 128?
126
Calculate the remainder when 5342 is divided by 9.
5
What is the remainder when 199 is divided by 67?
65
Calculate the remainder when 3193 is divided by 64.
57
Calculate the remainder when 233 is divided by 11.
2
What is the remainder when 48 is divided by 17?
14
What is the remainder when 2432 is divided by 4?
0
What is the remainder when 226 is divided by 3?
1
Calculate the remainder when 2220 is divided by 40.
20
What is the remainder when 1546 is divided by 159?
115
Calculate the remainder when 967 is divided by 8.
7
What is the remainder when 174 is divided by 22?
20
What is the remainder when 277 is divided by 42?
25
What is the remainder when 798 is divided by 17?
16
Calculate the remainder when 1174 is divided by 90.
4
Calculate the remainder when 153 is divided by 5.
3
Calculate the remainder when 339 is divided by 176.
163
What is the remainder when 125 is divided by 22?
15
What is the remainder when 8693 is divided by 42?
41
What is the remainder when 520 is divided by 503?
17
Calculate the remainder when 428 is divided by 34.
20
What is the remainder when 1381 is divided by 11?
6
Calculate the remainder when 13 is divided by 5.
3
What is the remainder when 692 is divided by 1?
0
What is the remainder when 147 is divided by 30?
27
Calculate the remainder when 183 is divided by 28.
15
Calculate the remainder when 363 is divided by 88.
11
Calculate the remainder when 192 is divided by 79.
34
Calculate the remainder when 91 is divided by 46.
45
Calculate the remainder when 21 is divided by 17.
4
Calculate the remainder when 2071 is divided by 77.
69
What is the remainder when 135 is divided by 46?
43
What is the remainder when 332 is divided by 110?
2
What is the remainder when 402 is divided by 21?
3
What is the remainder when 4556 is divided by 60?
56
What is the remainder when 217 is divided by 9?
1
What is the remainder when 344 is divided by 51?
38
What is the remainder when 293 is divided by 102?
89
Calculate the remainder when 175 is divided by 170.
5
What is the remainder when 38 is divided by 22?
16
What is the remainder when 350 is divided by 51?
44
What is the remainder when 354 is divided by 89?
87
What is the remainder when 195 is divided by 23?
11
Calculate the remainder when 473 is divided by 448.
25
Calculate the remainder when 14609 is divided by 52.
49
Calculate the remainder when 175 is divided by 101.
74
Calculate the remainder when 211 is divided by 57.
40
Calculate the remainder when 77 is divided by 6.
5
What is the remainder when 69 is divided by 62?
7
Calculate the remainder when 25514 is divided by 22.
16
What is the remainder when 88 is divided by 26?
10
What is the remainder when 72 is divided by 46?
26
What is the remainder when 2017 is divided by 1004?
9
What is the remainder when 210 is divided by 22?
12
Calculate the remainder when 174 is divided by 15.
9
What is the remainder when 286 is divided by 85?
31
Calculate the remainder when 1768 is divided by 15.
13
What is the remainder when 412 is divided by 151?
110
What is the remainder when 3478 is divided by 41?
34
Calculate the remainder when 320 is divided by 17.
14
Calculate the remainder when 9015 is divided by 9.
6
What is the remainder when 1927 is divided by 406?
303
Calculate the remainder when 217 is divided by 32.
25
What is the remainder when 1417 is divided by 95?
87
What is the remainder when 46 is divided by 16?
14
Calculate t